{"id":463,"date":"2012-05-24T03:39:49","date_gmt":"2012-05-24T03:39:49","guid":{"rendered":"http:\/\/boloandclaus.com\/?page_id=463"},"modified":"2023-08-07T14:09:31","modified_gmt":"2023-08-07T14:09:31","slug":"bolo-y-claus-en-busca-de-el-gran-dragon-verde","status":"publish","type":"page","link":"http:\/\/boloandclaus.com\/web\/?page_id=463","title":{"rendered":"Bolo y Claus en busca de El Gran Drag\u00f3n Verde"},"content":{"rendered":"<p><\/p>\n<h1><img loading=\"lazy\" decoding=\"async\" class=\"aligncenter wp-image-2445\" src=\"http:\/\/boloandclaus.com\/web\/wp-content\/uploads\/2012\/05\/Bolo-y-Claus-2-copia-copia-1024x631.jpg\" alt=\"Bolo y Claus. Payasos\" width=\"400\" height=\"247\" srcset=\"http:\/\/boloandclaus.com\/web\/wp-content\/uploads\/2012\/05\/Bolo-y-Claus-2-copia-copia-1024x631.jpg 1024w, http:\/\/boloandclaus.com\/web\/wp-content\/uploads\/2012\/05\/Bolo-y-Claus-2-copia-copia-300x185.jpg 300w\" sizes=\"auto, (max-width: 400px) 100vw, 400px\" \/><\/h1>\n<p style=\"text-align: center;\"><strong>Teatro infantil y familiar. Recomendado para ni\u00f1os de 3 a 9 a\u00f1os de edad.<\/strong><\/p>\n<p style=\"text-align: center;\"><strong>Puede ser representado en salas de teatro y en espacios exteriores.<\/strong><\/p>\n<p style=\"text-align: center;\"><b>Duraci\u00f3n del espect\u00e1culo: 50 Mnts<\/b><\/p>\n<p style=\"text-align: center;\"><strong>Idiomas: castellano\u00a0 e\u00a0 ingl\u00e9s<\/strong><strong>.<\/strong><\/p>\n<h2><\/h2>\n<h2><strong>SINOPSIS<\/strong><\/h2>\n<p><strong>Bolo y Claus viajan por el universo en busca del gran Drag\u00f3n Verde. Es el guardi\u00e1n de un tesoro, pero es un drag\u00f3n muy t\u00edmido y por eso es tan dif\u00edcil de encontrar. Hay quienes dicen que vive en el interior de un huevo.<\/strong> <strong>Usando nuestra imaginaci\u00f3n viajaremos a la Luna y desde all\u00ed volaremos a la Tierra hasta llegar a una misteriosa isla. Finalmente, con la ayuda de los ni\u00f1os encontramos el huevo y le contamos una hermosa historia, \u201cLa Luna y las Estrellas\u201d. El peque\u00f1o gran drag\u00f3n despierta y despu\u00e9s de sobrevolar el escenario al ritmo de la m\u00fasica, decide compartir su tesoro con sus nuevos amigos.<\/strong><\/p>\n<h2><strong>EL\u00a0ESPECT\u00c1CULO<\/strong><\/h2>\n<p><strong>El desarrollo de los personajes y los conflictos que se establecen est\u00e1n estructurados y desarrollados desde la perspectiva, niveles de comprensi\u00f3n, atenci\u00f3n e intereses de un ni\u00f1o peque\u00f1o. El lenguaje verbal utilizado en el espect\u00e1culo es un lenguaje claro y elemental, con una estructura comprensible y directa. El lenguaje corporal y visual son dos aspectos de esta creaci\u00f3n que est\u00e1n desarrollados en profundidad como herramientas de expresi\u00f3n. <\/strong><\/p>\n<p><strong>La acci\u00f3n se desarrolla en medio de un universo en el que la m\u00fasica, la magia, los t\u00edteres, los cuentos y el juego son ingredientes esenciales, convirtiendo esta experiencia en una aventura divertida y un espect\u00e1culo infantil de inter\u00e9s art\u00edstico y pedag\u00f3gico.<\/strong><\/p>\n<h2 style=\"text-align: center;\">*<\/h2>\n<h2 style=\"text-align: center;\"><span style=\"text-decoration: underline;\">FICHA ART\u00cdSTICA<\/span><\/h2>\n<p style=\"text-align: center;\"><strong>Creaci\u00f3n<\/strong><\/p>\n<p style=\"text-align: center;\"><strong>Compa\u00f1\u00eda Bolo y Claus Payasos<\/strong><\/p>\n<p style=\"text-align: center;\"><strong>Direcci\u00f3n<\/strong><\/p>\n<p style=\"text-align: center;\">Pedro Serka<\/p>\n<p style=\"text-align: center;\"><strong>Interpretes:<\/strong><\/p>\n<p style=\"text-align: center;\"><strong>Bolo: <\/strong>Pedro Serka<\/p>\n<p style=\"text-align: center;\"><strong>Claus: <\/strong>Christian Hartwig<\/p>\n<p style=\"text-align: center;\"><strong>Dise\u00f1o y realizaci\u00f3n de vestuario, escenograf\u00eda e iluminaci\u00f3n:<\/strong><\/p>\n<p style=\"text-align: center;\">Compa\u00f1\u00eda Bolo y Claus<\/p>\n<p style=\"text-align: center;\"><strong>Producci\u00f3n:\u00a0<\/strong>Compa\u00f1\u00eda Bolo y Claus<\/p>\n<p style=\"text-align: center;\"><strong>Co Producci\u00f3n:\u00a0<\/strong>Atalaya N\u00f3mada &#8211; Cultura<\/p>\n<h2 style=\"text-align: center;\">*<\/h2>\n<h2 style=\"text-align: center;\"><span style=\"text-decoration: underline;\">FICHA T\u00c9CNICA<\/span><\/h2>\n<p style=\"text-align: center;\">Dependiendo del espacio en que teng\u00e1is pensado representar el espectaculo podeis consultar la ficha t\u00e9cnica correspondiente.<\/p>\n<p style=\"text-align: center;\">.<\/p>\n<p style=\"text-align: center;\"><span style=\"color: #ffff00;\"><a style=\"color: #ffff00;\" href=\"http:\/\/boloandclaus.com\/web\/?page_id=1127\">FICHA T\u00c9CNICA<\/a><\/span><\/p>\n<p style=\"text-align: center;\"><span style=\"color: #ffff00;\"><a style=\"color: #ffff00;\" href=\"http:\/\/boloandclaus.com\/web\/?page_id=1127\">(SALAS DE TEATRO Y AUDITORIOS)<\/a><\/span><\/p>\n<p style=\"text-align: center;\">.<\/p>\n<p style=\"text-align: center;\"><span style=\"color: #ffff00;\"><a style=\"color: #ffff00;\" href=\"http:\/\/boloandclaus.com\/web\/?page_id=2489\">FICHA T\u00c9CNICA ESPACIOS INTERIORES\u00a0ALTERNATIVOS<\/a><\/span><\/p>\n<p style=\"text-align: center;\"><span style=\"color: #ffff00;\"><a style=\"color: #ffff00;\" href=\"http:\/\/boloandclaus.com\/web\/?page_id=2489\">(SIN DOTACI\u00d3N T\u00c9CNICA)<\/a><\/span><\/p>\n<p style=\"text-align: center;\">.<\/p>\n<p style=\"text-align: center;\"><span style=\"color: #ffff00;\"><a style=\"color: #ffff00;\" href=\"http:\/\/boloandclaus.com\/web\/?page_id=1131\">FICHA T\u00c9CNICA EXTERIORES<\/a><\/span><\/p>\n<p style=\"text-align: center;\">*<\/p>\n<p style=\"text-align: center;\"><strong>Contacto para informaci\u00f3n t\u00e9cnica: <\/strong><\/p>\n<p style=\"text-align: center;\">Christian Hartwig : 661362921<\/p>\n<p style=\"text-align: center;\">boloandclaus@gmail.com<\/p>\n<p>&nbsp;<\/p>\n<p style=\"text-align: center;\"><a href=\"http:\/\/boloandclaus.com\/web\/?page_id=141\"><img loading=\"lazy\" decoding=\"async\" class=\"aligncenter wp-image-1688\" src=\"http:\/\/boloandclaus.com\/web\/wp-content\/uploads\/2013\/07\/4793193183_1277fb14f0.jpg\" alt=\"\" width=\"151\" height=\"100\" \/><\/a><\/p>\n<p><\/p>","protected":false},"excerpt":{"rendered":"<p>Teatro infantil y familiar. Recomendado para ni\u00f1os de 3 a 9 a\u00f1os de edad. Puede ser representado en salas de teatro y en espacios exteriores. Duraci\u00f3n del espect\u00e1culo: 50 Mnts Idiomas: castellano\u00a0 e\u00a0 ingl\u00e9s. SINOPSIS Bolo y Claus viajan por el universo en busca del gran Drag\u00f3n Verde. Es el guardi\u00e1n de un tesoro, pero [&hellip;]<\/p>\n","protected":false},"author":2,"featured_media":0,"parent":141,"menu_order":0,"comment_status":"closed","ping_status":"closed","template":"","meta":{"footnotes":""},"class_list":["post-463","page","type-page","status-publish","hentry"],"_links":{"self":[{"href":"http:\/\/boloandclaus.com\/web\/index.php?rest_route=\/wp\/v2\/pages\/463","targetHints":{"allow":["GET"]}}],"collection":[{"href":"http:\/\/boloandclaus.com\/web\/index.php?rest_route=\/wp\/v2\/pages"}],"about":[{"href":"http:\/\/boloandclaus.com\/web\/index.php?rest_route=\/wp\/v2\/types\/page"}],"author":[{"embeddable":true,"href":"http:\/\/boloandclaus.com\/web\/index.php?rest_route=\/wp\/v2\/users\/2"}],"replies":[{"embeddable":true,"href":"http:\/\/boloandclaus.com\/web\/index.php?rest_route=%2Fwp%2Fv2%2Fcomments&post=463"}],"version-history":[{"count":82,"href":"http:\/\/boloandclaus.com\/web\/index.php?rest_route=\/wp\/v2\/pages\/463\/revisions"}],"predecessor-version":[{"id":3518,"href":"http:\/\/boloandclaus.com\/web\/index.php?rest_route=\/wp\/v2\/pages\/463\/revisions\/3518"}],"up":[{"embeddable":true,"href":"http:\/\/boloandclaus.com\/web\/index.php?rest_route=\/wp\/v2\/pages\/141"}],"wp:attachment":[{"href":"http:\/\/boloandclaus.com\/web\/index.php?rest_route=%2Fwp%2Fv2%2Fmedia&parent=463"}],"curies":[{"name":"wp","href":"https:\/\/api.w.org\/{rel}","templated":true}]}}