{"id":410,"date":"2012-05-23T18:04:38","date_gmt":"2012-05-23T18:04:38","guid":{"rendered":"http:\/\/boloandclaus.com\/?page_id=410"},"modified":"2022-11-09T14:44:29","modified_gmt":"2022-11-09T14:44:29","slug":"pedro-serka-biografia","status":"publish","type":"page","link":"http:\/\/boloandclaus.com\/web\/?page_id=410","title":{"rendered":"Pedro Serka \/ Bolo"},"content":{"rendered":"<p><\/p>\n<p style=\"text-align: center;\"><img loading=\"lazy\" decoding=\"async\" class=\"aligncenter wp-image-2852\" src=\"http:\/\/boloandclaus.com\/web\/wp-content\/uploads\/2021\/02\/BOLO-Y-CLAUS-1-1024x666.jpg\" alt=\"\" width=\"600\" height=\"390\" srcset=\"http:\/\/boloandclaus.com\/web\/wp-content\/uploads\/2021\/02\/BOLO-Y-CLAUS-1-1024x666.jpg 1024w, http:\/\/boloandclaus.com\/web\/wp-content\/uploads\/2021\/02\/BOLO-Y-CLAUS-1-300x195.jpg 300w, http:\/\/boloandclaus.com\/web\/wp-content\/uploads\/2021\/02\/BOLO-Y-CLAUS-1-768x499.jpg 768w, http:\/\/boloandclaus.com\/web\/wp-content\/uploads\/2021\/02\/BOLO-Y-CLAUS-1-1536x998.jpg 1536w, http:\/\/boloandclaus.com\/web\/wp-content\/uploads\/2021\/02\/BOLO-Y-CLAUS-1.jpg 1794w\" sizes=\"auto, (max-width: 600px) 100vw, 600px\" \/><\/p>\n<p><span style=\"text-align: left;\">Actor, payaso y director teatral nacido en Puerto Porvenir, Tierra del Fuego al sur de Chile.<\/span><\/p>\n<p style=\"text-align: justify;\">Realiza su formaci\u00f3n profesional en Santiago donde estudia Direcci\u00f3n y Producci\u00f3n de Sistemas Audiovisuales e inicia sus estudios de interpretaci\u00f3n con Luis Wigdorsky y Fresia Astica. Trabaja como actor para diferentes compa\u00f1\u00edas locales y forma parte de la C\u00eda. Teatro del Viento dedicada a llevar el teatro a las comunidades m\u00e1s desfavorecidas de la ciudad de Santiago.<\/p>\n<p style=\"text-align: justify;\">Posteriormente viaja a Europa, radica en la ciudad de Barcelona y all\u00ed contin\u00faa sus estudios de Interpretaci\u00f3n en el Instituto del Teatro de Terrassa y con los maestros Txiki Berraondo y Manuel Carlos Lillo.<\/p>\n<p style=\"text-align: justify;\">Estudia t\u00e9cnicas de danza contempor\u00e1nea en la escuela Varium Danza dirigida por Anna S\u00e1nchez y aprende las t\u00e9cnicas de clown trabajando con maestros como Josep Maria Casanovas, Cesc Serrat, Olga Colomer y Montserrat Casanovas.<\/p>\n<p style=\"text-align: justify;\">Trabaja en las instalaciones del Centro Dram\u00e1tico del Valles en diferentes \u00e1reas de la producci\u00f3n t\u00e9cnica donde tiene la oportunidad de aprender de maestros como Oriol Capellas, Miquel Font, Joan Ponce y Ricard Mart\u00ednez todo lo referente a dise\u00f1o y montaje de iluminaciones as\u00ed como del dise\u00f1o y construcci\u00f3n de escenograf\u00edas. Trabaja en varias ocasiones junto a la productora Montserrat Prat de quien aprende los conocimientos referentes a la producci\u00f3n ejecutiva y t\u00e9cnica de espect\u00e1culos de teatro y danza.<\/p>\n<p style=\"text-align: justify;\">Desarrolla una importante labor en el \u00e1mbito de la pedagog\u00eda teatral creando el Taller de expresi\u00f3n y creatividad para ni\u00f1os implementado en diferentes escuelas en la provincia de Barcelona destacando entre ellas la escuela de educaci\u00f3n especial Crespinell en la ciudad de Terrassa.<\/p>\n<p style=\"text-align: justify;\">Desarrolla su carrera profesional durante veintid\u00f3s a\u00f1os en diferentes \u00e1mbitos de la producci\u00f3n teatral de la provincia de Barcelona desempe\u00f1\u00e1ndose como actor, asistente de direcci\u00f3n, iluminador, escen\u00f3grafo y productor t\u00e9cnico de espect\u00e1culos de teatro y danza. Trabaja con destacados artistas e instituciones como Marta Carrasco, Pep Bou, Vania Produciones y el Teatro Nacional de Catalunya.<\/p>\n<p style=\"text-align: justify;\">Entre sus trabajos como actor en la ciudad de Barcelona podemos se\u00f1alar Yepeto de Roberto Cossa dirigida por Marc de la Torre estrenada en la Sala Maria Plans de Terrassa y la creaci\u00f3n de su espect\u00e1culo de danza teatro Altazor presentado en el Festival Internacional de Teatro y Danza de Sitges.<\/p>\n<p style=\"text-align: justify;\">Posteriormente reside en la ciudad de Nueva York donde forma parte durante un periodo de cinco a\u00f1os de la compa\u00f1\u00eda Repertorio Espa\u00f1ol, participando en un total de diez producciones entre las que podemos destacar Lorca con un vestido verde, Ana en el tr\u00f3pico de Nilo Cruz, Escrito y Sellado de Isaac Chocron dirigidas por Rene Buch o La fiesta del Chivo de Mario Vargas Llosa, Cronica de una muerte anunciada de Gabriel Garcia Marquez y Do\u00f1a Flor y sus dos maridos de Jorge Amado dirigidas por Jorge Ali Triana .<\/p>\n<p style=\"text-align: justify;\">Fuera de Repertorio Espa\u00f1ol ha estrenado Algod\u00f3n de Az\u00facar de Diana Chery Ram\u00edrez bajo la direcci\u00f3n de la autora, producida por Teatro Circulo y la producci\u00f3n de Mariana o el Alba de Rene Marquez dirigida por Pablo Cabrera en el Centro de Bellas Artes de Puerto Rico.<\/p>\n<p style=\"text-align: justify;\">En 2010 crea la organizaci\u00f3n Late Adventure Project bajo el sponsor fiscal de Fractured Atlas.Inc en la ciudad de Nueva York, con el objetivo de promover la atenci\u00f3n primaria de la salud y el derecho a la educaci\u00f3n de los ni\u00f1os.<\/p>\n<p style=\"text-align: justify;\"><strong><a href=\"http:\/\/boloandclaus.com\/web\/?page_id=120\">VOLVER<\/a><\/strong><\/p>\n<p><\/p>","protected":false},"excerpt":{"rendered":"<p>Actor, payaso y director teatral nacido en Puerto Porvenir, Tierra del Fuego al sur de Chile. Realiza su formaci\u00f3n profesional en Santiago donde estudia Direcci\u00f3n y Producci\u00f3n de Sistemas Audiovisuales e inicia sus estudios de interpretaci\u00f3n con Luis Wigdorsky y Fresia Astica. Trabaja como actor para diferentes compa\u00f1\u00edas locales y forma parte de la C\u00eda. [&hellip;]<\/p>\n","protected":false},"author":2,"featured_media":0,"parent":120,"menu_order":0,"comment_status":"closed","ping_status":"closed","template":"","meta":{"footnotes":""},"class_list":["post-410","page","type-page","status-publish","hentry"],"_links":{"self":[{"href":"http:\/\/boloandclaus.com\/web\/index.php?rest_route=\/wp\/v2\/pages\/410","targetHints":{"allow":["GET"]}}],"collection":[{"href":"http:\/\/boloandclaus.com\/web\/index.php?rest_route=\/wp\/v2\/pages"}],"about":[{"href":"http:\/\/boloandclaus.com\/web\/index.php?rest_route=\/wp\/v2\/types\/page"}],"author":[{"embeddable":true,"href":"http:\/\/boloandclaus.com\/web\/index.php?rest_route=\/wp\/v2\/users\/2"}],"replies":[{"embeddable":true,"href":"http:\/\/boloandclaus.com\/web\/index.php?rest_route=%2Fwp%2Fv2%2Fcomments&post=410"}],"version-history":[{"count":32,"href":"http:\/\/boloandclaus.com\/web\/index.php?rest_route=\/wp\/v2\/pages\/410\/revisions"}],"predecessor-version":[{"id":3497,"href":"http:\/\/boloandclaus.com\/web\/index.php?rest_route=\/wp\/v2\/pages\/410\/revisions\/3497"}],"up":[{"embeddable":true,"href":"http:\/\/boloandclaus.com\/web\/index.php?rest_route=\/wp\/v2\/pages\/120"}],"wp:attachment":[{"href":"http:\/\/boloandclaus.com\/web\/index.php?rest_route=%2Fwp%2Fv2%2Fmedia&parent=410"}],"curies":[{"name":"wp","href":"https:\/\/api.w.org\/{rel}","templated":true}]}}

<p></p>
<p style="text-align: center;"><img loading="lazy" decoding="async" class="aligncenter wp-image-2852" src="http://boloandclaus.com/web/wp-content/uploads/2021/02/BOLO-Y-CLAUS-1-1024x666.jpg" alt="" width="600" height="390" srcset="http://boloandclaus.com/web/wp-content/uploads/2021/02/BOLO-Y-CLAUS-1-1024x666.jpg 1024w, http://boloandclaus.com/web/wp-content/uploads/2021/02/BOLO-Y-CLAUS-1-300x195.jpg 300w, http://boloandclaus.com/web/wp-content/uploads/2021/02/BOLO-Y-CLAUS-1-768x499.jpg 768w, http://boloandclaus.com/web/wp-content/uploads/2021/02/BOLO-Y-CLAUS-1-1536x998.jpg 1536w, http://boloandclaus.com/web/wp-content/uploads/2021/02/BOLO-Y-CLAUS-1.jpg 1794w" sizes="auto, (max-width: 600px) 100vw, 600px" /></p>
<p><span style="text-align: left;">Actor, payaso y director teatral nacido en Puerto Porvenir, Tierra del Fuego al sur de Chile.</span></p>
<p style="text-align: justify;">Realiza su formación profesional en Santiago donde estudia Dirección y Producción de Sistemas Audiovisuales e inicia sus estudios de interpretación con Luis Wigdorsky y Fresia Astica. Trabaja como actor para diferentes compañías locales y forma parte de la Cía. Teatro del Viento dedicada a llevar el teatro a las comunidades más desfavorecidas de la ciudad de Santiago.</p>
<p style="text-align: justify;">Posteriormente viaja a Europa, radica en la ciudad de Barcelona y allí continúa sus estudios de Interpretación en el Instituto del Teatro de Terrassa y con los maestros Txiki Berraondo y Manuel Carlos Lillo.</p>
<p style="text-align: justify;">Estudia técnicas de danza contemporánea en la escuela Varium Danza dirigida por Anna Sánchez y aprende las técnicas de clown trabajando con maestros como Josep Maria Casanovas, Cesc Serrat, Olga Colomer y Montserrat Casanovas.</p>
<p style="text-align: justify;">Trabaja en las instalaciones del Centro Dramático del Valles en diferentes áreas de la producción técnica donde tiene la oportunidad de aprender de maestros como Oriol Capellas, Miquel Font, Joan Ponce y Ricard Martínez todo lo referente a diseño y montaje de iluminaciones así como del diseño y construcción de escenografías. Trabaja en varias ocasiones junto a la productora Montserrat Prat de quien aprende los conocimientos referentes a la producción ejecutiva y técnica de espectáculos de teatro y danza.</p>
<p style="text-align: justify;">Desarrolla una importante labor en el ámbito de la pedagogía teatral creando el Taller de expresión y creatividad para niños implementado en diferentes escuelas en la provincia de Barcelona destacando entre ellas la escuela de educación especial Crespinell en la ciudad de Terrassa.</p>
<p style="text-align: justify;">Desarrolla su carrera profesional durante veintidós años en diferentes ámbitos de la producción teatral de la provincia de Barcelona desempeñándose como actor, asistente de dirección, iluminador, escenógrafo y productor técnico de espectáculos de teatro y danza. Trabaja con destacados artistas e instituciones como Marta Carrasco, Pep Bou, Vania Produciones y el Teatro Nacional de Catalunya.</p>
<p style="text-align: justify;">Entre sus trabajos como actor en la ciudad de Barcelona podemos señalar Yepeto de Roberto Cossa dirigida por Marc de la Torre estrenada en la Sala Maria Plans de Terrassa y la creación de su espectáculo de danza teatro Altazor presentado en el Festival Internacional de Teatro y Danza de Sitges.</p>
<p style="text-align: justify;">Posteriormente reside en la ciudad de Nueva York donde forma parte durante un periodo de cinco años de la compañía Repertorio Español, participando en un total de diez producciones entre las que podemos destacar Lorca con un vestido verde, Ana en el trópico de Nilo Cruz, Escrito y Sellado de Isaac Chocron dirigidas por Rene Buch o La fiesta del Chivo de Mario Vargas Llosa, Cronica de una muerte anunciada de Gabriel Garcia Marquez y Doña Flor y sus dos maridos de Jorge Amado dirigidas por Jorge Ali Triana .</p>
<p style="text-align: justify;">Fuera de Repertorio Español ha estrenado Algodón de Azúcar de Diana Chery Ramírez bajo la dirección de la autora, producida por Teatro Circulo y la producción de Mariana o el Alba de Rene Marquez dirigida por Pablo Cabrera en el Centro de Bellas Artes de Puerto Rico.</p>
<p style="text-align: justify;">En 2010 crea la organización Late Adventure Project bajo el sponsor fiscal de Fractured Atlas.Inc en la ciudad de Nueva York, con el objetivo de promover la atención primaria de la salud y el derecho a la educación de los niños.</p>
<p style="text-align: justify;"><strong><a href="http://boloandclaus.com/web/?page_id=120">VOLVER</a></strong></p>
<p></p>

<p>Actor, payaso y director teatral nacido en Puerto Porvenir, Tierra del Fuego al sur de Chile. Realiza su formación profesional en Santiago donde estudia Dirección y Producción de Sistemas Audiovisuales e inicia sus estudios de interpretación con Luis Wigdorsky y Fresia Astica. Trabaja como actor para diferentes compañías locales y forma parte de la Cía. [&hellip;]</p>
