{"id":3142,"date":"2021-02-18T16:10:52","date_gmt":"2021-02-18T16:10:52","guid":{"rendered":"http:\/\/boloandclaus.com\/web\/?page_id=3142"},"modified":"2022-11-08T16:02:34","modified_gmt":"2022-11-08T16:02:34","slug":"la-feria","status":"publish","type":"page","link":"http:\/\/boloandclaus.com\/web\/?page_id=3142","title":{"rendered":"LA FERIA"},"content":{"rendered":"<p><\/p>\n<p style=\"text-align: center;\"><img loading=\"lazy\" decoding=\"async\" class=\"aligncenter wp-image-3468\" src=\"http:\/\/boloandclaus.com\/web\/wp-content\/uploads\/2022\/11\/LA-FERIA-0.6-copia-1024x506.jpg\" alt=\"\" width=\"700\" height=\"346\" srcset=\"http:\/\/boloandclaus.com\/web\/wp-content\/uploads\/2022\/11\/LA-FERIA-0.6-copia-1024x506.jpg 1024w, http:\/\/boloandclaus.com\/web\/wp-content\/uploads\/2022\/11\/LA-FERIA-0.6-copia-300x148.jpg 300w, http:\/\/boloandclaus.com\/web\/wp-content\/uploads\/2022\/11\/LA-FERIA-0.6-copia-768x379.jpg 768w, http:\/\/boloandclaus.com\/web\/wp-content\/uploads\/2022\/11\/LA-FERIA-0.6-copia-1536x759.jpg 1536w, http:\/\/boloandclaus.com\/web\/wp-content\/uploads\/2022\/11\/LA-FERIA-0.6-copia-2048x1012.jpg 2048w\" sizes=\"auto, (max-width: 700px) 100vw, 700px\" \/><\/p>\n<p style=\"text-align: center;\">Teatro infantil y familiar recomendado para ni\u00f1os de 3 a 9 a\u00f1os de edad.<\/p>\n<p style=\"text-align: center;\">Puede ser representado en salas de teatro y espacios al aire libre.<\/p>\n<p style=\"text-align: center;\">Duraci\u00f3n: 50 minutos<\/p>\n<p>&nbsp;<\/p>\n<h1><strong>Sinopsis:<\/strong><\/h1>\n<p>Bolo y Claus salen al encuentro de ni\u00f1os y mayores para anunciar que <em>La Feria <\/em>acaba de llegar a la ciudad: La Equilibrista, El Avisp\u00f3n Colorado, El Hombre Pinzing, La Panteda Dosa, Goliat\u2026<\/p>\n<p>Cuando regresan, descubren que todos los integrantes de \u00a0<em>La Feria<\/em> \u00a0han desaparecido. \u00a1No hay nadie, se han ido! El p\u00fablico s\u00ed ha llegado y deben tomar una decisi\u00f3n. \u00a0El espect\u00e1culo debe continuar. Los payasos ser\u00e1n por un d\u00eda todos los personajes de <em>La Feria<\/em>.<\/p>\n<h1><strong>El espect\u00e1culo: <\/strong><\/h1>\n<p>La Feria es un espect\u00e1culo de teatro f\u00edsico y gestual, pr\u00e1cticamente no tiene texto. Los personajes y los conflictos que se establecen est\u00e1n estructurados y desarrollados desde la perspectiva, niveles de compresi\u00f3n y atenci\u00f3n de ni\u00f1as y ni\u00f1os peque\u00f1os.<\/p>\n<p>La interacci\u00f3n con el p\u00fablico y el juego dram\u00e1tico son la columna vertebral de este espect\u00e1culo que tiene como objetivo entretener a ni\u00f1os y ni\u00f1as potenciando sus capacidades de expresi\u00f3n y creatividad.<\/p>\n<p>&nbsp;<\/p>\n<h1><strong>Ficha Art\u00edstica:<\/strong><\/h1>\n<p>Creaci\u00f3n: C\u00eda. Bolo y Claus Payasos<\/p>\n<p>Bolo: Pedro Serka<\/p>\n<p>Claus: Christian Hartwig<\/p>\n<h1><\/h1>\n<h1><strong>Ficha T\u00e9cnica<\/strong><strong>:<\/strong><\/h1>\n<p><strong>DURACI\u00d3N DEL ESPECT\u00c1CULO: <\/strong><\/p>\n<p>Montaje: hrs.<\/p>\n<p>Desmontaje: hr.<\/p>\n<p><strong>ESPACIO ESC\u00c9NICO<\/strong><\/p>\n<p>Espacio m\u00ednimo: 6 m. de ancho, 6 m. de fondo, 3 m. de alto.<\/p>\n<p>&nbsp;<\/p>\n<h2><strong><u>PARA FUNCIONES EN SALA<\/u><\/strong><\/h2>\n<p><strong>ILUMINACI\u00d3N<\/strong><\/p>\n<p>10 PC de 1000 w con Porta filtros y Viseras.<\/p>\n<p>6 PAR de 1000w con Porta Filtros<\/p>\n<p>Mesa de luces con m\u00ednimo 2 programaciones de 16 canales de dimmer.<\/p>\n<p>NOTA:<\/p>\n<p>En el caso de no contar con esta cantidad de material, es indispensable enviar el listado de material disponible por el teatro para poder elaborar un dise\u00f1o de luz adecuado.<\/p>\n<p><strong>SONIDO<\/strong><\/p>\n<p>P. A con potencia adecuada al espacio. M\u00ednimo de 1000W.<\/p>\n<p>Cd con auto pausa u ordenador.<\/p>\n<p>Mesa de sonido<\/p>\n<h2><strong><u>PARA FUNCIONES AL AIRE LIBRE<\/u><\/strong><\/h2>\n<p><strong>ESPACIO ESC\u00c9NICO<\/strong><\/p>\n<p>Espacio m\u00ednimo: 6 m. de ancho, 6 m. de fondo. Para funciones en exterior necesitamos que el suelo sea liso y que la superficie en la que se va a trabajar este limpia.<\/p>\n<p>IMPORTANTE: El espacio no puede estar cerca de calles transitadas por veh\u00edculos.<\/p>\n<p><strong>ILUMINACI\u00d3N<\/strong><\/p>\n<p>Para representaciones en exterior con luz del d\u00eda no es necesario ning\u00fan tipo de iluminaci\u00f3n adicional.<\/p>\n<p><u>1 Toma de corriente para conectar el equipo de sonido.<\/u><\/p>\n<p><strong><u>Representaciones en exterior de noche:<\/u><\/strong><\/p>\n<p>Es indispensable tener el listado de material disponible por la organizaci\u00f3n para poder elaborar un dise\u00f1o de luz adecuado.<\/p>\n<p><strong>SONIDO<\/strong><\/p>\n<p>La Compa\u00f1\u00eda aportar\u00e1 su propio equipo de sonido.<\/p>\n<p>&nbsp;<\/p>\n<h2><strong>PERSONAL T\u00c9CNICO PARA FUNCIONES EN SALA Y FUNCIONES AL AIRE LIBRE:<\/strong><\/h2>\n<p>1 T\u00e9cnico de Luz y Sonido<\/p>\n<p><strong>MATERIALES<\/strong><\/p>\n<p>Escalera de tijera de 1,50 de altura<\/p>\n<p>Escoba, Recogedor, Bolsas de basura.<\/p>\n<p>Cubo y fregona, limpios.<\/p>\n<p><strong>VESTUARIO<\/strong><\/p>\n<p>Camerino habilitado con mesas, sillas, espejo y lavabo cercanos al espacio esc\u00e9nico.<\/p>\n<p>&nbsp;<\/p>\n<h2 style=\"text-align: center;\"><strong>Contacto para informaci\u00f3n t\u00e9cnica:<\/strong><\/h2>\n<p style=\"text-align: center;\">Pedro Serka<\/p>\n<p style=\"text-align: center;\">M\u00f3vil: 633 72 64 11<\/p>\n<p style=\"text-align: center;\"><a href=\"mailto:boloandclaus@gmail.com\">boloandclaus@gmail.com<\/a><\/p>\n<p>&nbsp;<\/p>\n<p><a href=\"http:\/\/boloandclaus.com\/web\/?page_id=141\"><img loading=\"lazy\" decoding=\"async\" class=\"aligncenter wp-image-1688\" src=\"http:\/\/boloandclaus.com\/web\/wp-content\/uploads\/2013\/07\/4793193183_1277fb14f0.jpg\" alt=\"\" width=\"151\" height=\"100\" \/><\/a><\/p>","protected":false},"excerpt":{"rendered":"<p>Teatro infantil y familiar recomendado para ni\u00f1os de 3 a 9 a\u00f1os de edad. Puede ser representado en salas de teatro y espacios al aire libre. Duraci\u00f3n: 50 minutos &nbsp; Sinopsis: Bolo y Claus salen al encuentro de ni\u00f1os y mayores para anunciar que La Feria acaba de llegar a la ciudad: La Equilibrista, El [&hellip;]<\/p>\n","protected":false},"author":1,"featured_media":0,"parent":0,"menu_order":0,"comment_status":"closed","ping_status":"closed","template":"","meta":{"footnotes":""},"class_list":["post-3142","page","type-page","status-publish","hentry"],"_links":{"self":[{"href":"http:\/\/boloandclaus.com\/web\/index.php?rest_route=\/wp\/v2\/pages\/3142","targetHints":{"allow":["GET"]}}],"collection":[{"href":"http:\/\/boloandclaus.com\/web\/index.php?rest_route=\/wp\/v2\/pages"}],"about":[{"href":"http:\/\/boloandclaus.com\/web\/index.php?rest_route=\/wp\/v2\/types\/page"}],"author":[{"embeddable":true,"href":"http:\/\/boloandclaus.com\/web\/index.php?rest_route=\/wp\/v2\/users\/1"}],"replies":[{"embeddable":true,"href":"http:\/\/boloandclaus.com\/web\/index.php?rest_route=%2Fwp%2Fv2%2Fcomments&post=3142"}],"version-history":[{"count":16,"href":"http:\/\/boloandclaus.com\/web\/index.php?rest_route=\/wp\/v2\/pages\/3142\/revisions"}],"predecessor-version":[{"id":3469,"href":"http:\/\/boloandclaus.com\/web\/index.php?rest_route=\/wp\/v2\/pages\/3142\/revisions\/3469"}],"wp:attachment":[{"href":"http:\/\/boloandclaus.com\/web\/index.php?rest_route=%2Fwp%2Fv2%2Fmedia&parent=3142"}],"curies":[{"name":"wp","href":"https:\/\/api.w.org\/{rel}","templated":true}]}}

<p></p>
<p style="text-align: center;"><img loading="lazy" decoding="async" class="aligncenter wp-image-3468" src="http://boloandclaus.com/web/wp-content/uploads/2022/11/LA-FERIA-0.6-copia-1024x506.jpg" alt="" width="700" height="346" srcset="http://boloandclaus.com/web/wp-content/uploads/2022/11/LA-FERIA-0.6-copia-1024x506.jpg 1024w, http://boloandclaus.com/web/wp-content/uploads/2022/11/LA-FERIA-0.6-copia-300x148.jpg 300w, http://boloandclaus.com/web/wp-content/uploads/2022/11/LA-FERIA-0.6-copia-768x379.jpg 768w, http://boloandclaus.com/web/wp-content/uploads/2022/11/LA-FERIA-0.6-copia-1536x759.jpg 1536w, http://boloandclaus.com/web/wp-content/uploads/2022/11/LA-FERIA-0.6-copia-2048x1012.jpg 2048w" sizes="auto, (max-width: 700px) 100vw, 700px" /></p>
<p style="text-align: center;">Teatro infantil y familiar recomendado para niños de 3 a 9 años de edad.</p>
<p style="text-align: center;">Puede ser representado en salas de teatro y espacios al aire libre.</p>
<p style="text-align: center;">Duración: 50 minutos</p>
<p>&nbsp;</p>
<h1><strong>Sinopsis:</strong></h1>
<p>Bolo y Claus salen al encuentro de niños y mayores para anunciar que <em>La Feria </em>acaba de llegar a la ciudad: La Equilibrista, El Avispón Colorado, El Hombre Pinzing, La Panteda Dosa, Goliat…</p>
<p>Cuando regresan, descubren que todos los integrantes de  <em>La Feria</em>  han desaparecido. ¡No hay nadie, se han ido! El público sí ha llegado y deben tomar una decisión.  El espectáculo debe continuar. Los payasos serán por un día todos los personajes de <em>La Feria</em>.</p>
<h1><strong>El espectáculo: </strong></h1>
<p>La Feria es un espectáculo de teatro físico y gestual, prácticamente no tiene texto. Los personajes y los conflictos que se establecen están estructurados y desarrollados desde la perspectiva, niveles de compresión y atención de niñas y niños pequeños.</p>
<p>La interacción con el público y el juego dramático son la columna vertebral de este espectáculo que tiene como objetivo entretener a niños y niñas potenciando sus capacidades de expresión y creatividad.</p>
<p>&nbsp;</p>
<h1><strong>Ficha Artística:</strong></h1>
<p>Creación: Cía. Bolo y Claus Payasos</p>
<p>Bolo: Pedro Serka</p>
<p>Claus: Christian Hartwig</p>
<h1></h1>
<h1><strong>Ficha Técnica</strong><strong>:</strong></h1>
<p><strong>DURACIÓN DEL ESPECTÁCULO: </strong></p>
<p>Montaje: hrs.</p>
<p>Desmontaje: hr.</p>
<p><strong>ESPACIO ESCÉNICO</strong></p>
<p>Espacio mínimo: 6 m. de ancho, 6 m. de fondo, 3 m. de alto.</p>
<p>&nbsp;</p>
<h2><strong><u>PARA FUNCIONES EN SALA</u></strong></h2>
<p><strong>ILUMINACIÓN</strong></p>
<p>10 PC de 1000 w con Porta filtros y Viseras.</p>
<p>6 PAR de 1000w con Porta Filtros</p>
<p>Mesa de luces con mínimo 2 programaciones de 16 canales de dimmer.</p>
<p>NOTA:</p>
<p>En el caso de no contar con esta cantidad de material, es indispensable enviar el listado de material disponible por el teatro para poder elaborar un diseño de luz adecuado.</p>
<p><strong>SONIDO</strong></p>
<p>P. A con potencia adecuada al espacio. Mínimo de 1000W.</p>
<p>Cd con auto pausa u ordenador.</p>
<p>Mesa de sonido</p>
<h2><strong><u>PARA FUNCIONES AL AIRE LIBRE</u></strong></h2>
<p><strong>ESPACIO ESCÉNICO</strong></p>
<p>Espacio mínimo: 6 m. de ancho, 6 m. de fondo. Para funciones en exterior necesitamos que el suelo sea liso y que la superficie en la que se va a trabajar este limpia.</p>
<p>IMPORTANTE: El espacio no puede estar cerca de calles transitadas por vehículos.</p>
<p><strong>ILUMINACIÓN</strong></p>
<p>Para representaciones en exterior con luz del día no es necesario ningún tipo de iluminación adicional.</p>
<p><u>1 Toma de corriente para conectar el equipo de sonido.</u></p>
<p><strong><u>Representaciones en exterior de noche:</u></strong></p>
<p>Es indispensable tener el listado de material disponible por la organización para poder elaborar un diseño de luz adecuado.</p>
<p><strong>SONIDO</strong></p>
<p>La Compañía aportará su propio equipo de sonido.</p>
<p>&nbsp;</p>
<h2><strong>PERSONAL TÉCNICO PARA FUNCIONES EN SALA Y FUNCIONES AL AIRE LIBRE:</strong></h2>
<p>1 Técnico de Luz y Sonido</p>
<p><strong>MATERIALES</strong></p>
<p>Escalera de tijera de 1,50 de altura</p>
<p>Escoba, Recogedor, Bolsas de basura.</p>
<p>Cubo y fregona, limpios.</p>
<p><strong>VESTUARIO</strong></p>
<p>Camerino habilitado con mesas, sillas, espejo y lavabo cercanos al espacio escénico.</p>
<p>&nbsp;</p>
<h2 style="text-align: center;"><strong>Contacto para información técnica:</strong></h2>
<p style="text-align: center;">Pedro Serka</p>
<p style="text-align: center;">Móvil: 633 72 64 11</p>
<p style="text-align: center;"><a href="mailto:boloandclaus@gmail.com">boloandclaus@gmail.com</a></p>
<p>&nbsp;</p>
<p><a href="http://boloandclaus.com/web/?page_id=141"><img loading="lazy" decoding="async" class="aligncenter wp-image-1688" src="http://boloandclaus.com/web/wp-content/uploads/2013/07/4793193183_1277fb14f0.jpg" alt="" width="151" height="100" /></a></p>

<p>Teatro infantil y familiar recomendado para niños de 3 a 9 años de edad. Puede ser representado en salas de teatro y espacios al aire libre. Duración: 50 minutos &nbsp; Sinopsis: Bolo y Claus salen al encuentro de niños y mayores para anunciar que La Feria acaba de llegar a la ciudad: La Equilibrista, El [&hellip;]</p>
