{"id":1659,"date":"2013-07-31T00:58:27","date_gmt":"2013-07-31T00:58:27","guid":{"rendered":"http:\/\/boloandclaus.com\/web\/?page_id=1659"},"modified":"2021-03-19T14:23:59","modified_gmt":"2021-03-19T14:23:59","slug":"videos","status":"publish","type":"page","link":"http:\/\/boloandclaus.com\/web\/?page_id=1659","title":{"rendered":"Videos"},"content":{"rendered":"<p><\/p>\n<p style=\"text-align: center;\"><img loading=\"lazy\" decoding=\"async\" class=\"aligncenter wp-image-1607\" src=\"http:\/\/boloandclaus.com\/web\/wp-content\/uploads\/2012\/05\/fondo_de_estrellas-1280x768-Copy-Copy-31-300x64.jpg\" alt=\"fondo_de_estrellas [1280x768] - Copy - Copy (3)\" width=\"210\" height=\"45\" srcset=\"http:\/\/boloandclaus.com\/web\/wp-content\/uploads\/2012\/05\/fondo_de_estrellas-1280x768-Copy-Copy-31-300x64.jpg 300w, http:\/\/boloandclaus.com\/web\/wp-content\/uploads\/2012\/05\/fondo_de_estrellas-1280x768-Copy-Copy-31.jpg 780w\" sizes=\"auto, (max-width: 210px) 100vw, 210px\" \/><\/p>\n<h1 style=\"text-align: center;\">*<\/h1>\n<p><center><iframe loading=\"lazy\" src=\"https:\/\/www.youtube.com\/embed\/vTW-nYOqhLQ\" width=\"560\" height=\"315\" frameborder=\"0\" allowfullscreen=\"allowfullscreen\"><\/iframe><\/center><\/p>\n<p style=\"text-align: center;\"><strong>Entrevista en Radio Salobre\u00f1a con Carolyna Alanzor. <\/strong><\/p>\n<p style=\"text-align: center;\"><strong>Hablamos sobre nuestro trabajo y la creaci\u00f3n del espect\u00e1culo La Feria<\/strong><\/p>\n<h1 style=\"text-align: center;\">*<\/h1>\n<p><center><iframe loading=\"lazy\" src=\"https:\/\/www.youtube.com\/embed\/yJK20M9bfmg\" width=\"560\" height=\"315\" frameborder=\"0\" allowfullscreen=\"allowfullscreen\"><\/iframe><\/center><\/p>\n<p style=\"text-align: center;\"><strong>Gira en Puerto Rico 2015<\/strong><\/p>\n<h1 style=\"text-align: center;\">*<\/h1>\n<p><center><\/center><center><\/center><center><\/center><center><\/center><center><iframe loading=\"lazy\" src=\"\/\/www.youtube.com\/embed\/3q1vU6IYO_8\" width=\"560\" height=\"315\" frameborder=\"0\" allowfullscreen=\"allowfullscreen\"><\/iframe><\/center><center><\/center><center><strong>Bolo y Claus en Valle Gran Rey. <\/strong><\/center><center><strong>Isla de la Gomera. Canarias<\/strong><\/center><center><strong>Silbo Gomero<\/strong><\/center><\/p>\n<h1 style=\"text-align: center;\">*<\/h1>\n<p><center><iframe loading=\"lazy\" src=\"https:\/\/www.youtube.com\/embed\/OBQhxrbnIr4\" width=\"560\" height=\"315\" frameborder=\"0\" allowfullscreen=\"allowfullscreen\" data-mce-fragment=\"1\"><\/iframe><\/center><\/p>\n<p style=\"text-align: center;\"><strong>2012 Gira en Magallanes y Tierra del Fuego. Chile<\/strong><\/p>\n<h1 style=\"text-align: center;\">*<\/h1>\n<h3 style=\"text-align: center;\"><em id=\"__mceDel\"><strong><a title=\"Galer\u00eda\" href=\"http:\/\/boloandclaus.com\/web\/?page_id=167\"><img loading=\"lazy\" decoding=\"async\" class=\"aligncenter wp-image-1688\" src=\"http:\/\/boloandclaus.com\/web\/wp-content\/uploads\/2013\/07\/4793193183_1277fb14f0.jpg\" alt=\"4793193183_1277fb14f0\" width=\"92\" height=\"61\" \/><\/a><\/strong><\/em><\/h3>\n<p><\/p>","protected":false},"excerpt":{"rendered":"<p>* Entrevista en Radio Salobre\u00f1a con Carolyna Alanzor. Hablamos sobre nuestro trabajo y la creaci\u00f3n del espect\u00e1culo La Feria * Gira en Puerto Rico 2015 * Bolo y Claus en Valle Gran Rey. Isla de la Gomera. CanariasSilbo Gomero * 2012 Gira en Magallanes y Tierra del Fuego. Chile *<\/p>\n","protected":false},"author":1,"featured_media":0,"parent":167,"menu_order":0,"comment_status":"open","ping_status":"open","template":"","meta":{"footnotes":""},"class_list":["post-1659","page","type-page","status-publish","hentry"],"_links":{"self":[{"href":"http:\/\/boloandclaus.com\/web\/index.php?rest_route=\/wp\/v2\/pages\/1659","targetHints":{"allow":["GET"]}}],"collection":[{"href":"http:\/\/boloandclaus.com\/web\/index.php?rest_route=\/wp\/v2\/pages"}],"about":[{"href":"http:\/\/boloandclaus.com\/web\/index.php?rest_route=\/wp\/v2\/types\/page"}],"author":[{"embeddable":true,"href":"http:\/\/boloandclaus.com\/web\/index.php?rest_route=\/wp\/v2\/users\/1"}],"replies":[{"embeddable":true,"href":"http:\/\/boloandclaus.com\/web\/index.php?rest_route=%2Fwp%2Fv2%2Fcomments&post=1659"}],"version-history":[{"count":110,"href":"http:\/\/boloandclaus.com\/web\/index.php?rest_route=\/wp\/v2\/pages\/1659\/revisions"}],"predecessor-version":[{"id":3228,"href":"http:\/\/boloandclaus.com\/web\/index.php?rest_route=\/wp\/v2\/pages\/1659\/revisions\/3228"}],"up":[{"embeddable":true,"href":"http:\/\/boloandclaus.com\/web\/index.php?rest_route=\/wp\/v2\/pages\/167"}],"wp:attachment":[{"href":"http:\/\/boloandclaus.com\/web\/index.php?rest_route=%2Fwp%2Fv2%2Fmedia&parent=1659"}],"curies":[{"name":"wp","href":"https:\/\/api.w.org\/{rel}","templated":true}]}}