{"id":141,"date":"2012-05-10T19:31:46","date_gmt":"2012-05-10T19:31:46","guid":{"rendered":"http:\/\/boloandclaus.wordpress.com\/?page_id=141"},"modified":"2022-11-15T14:26:53","modified_gmt":"2022-11-15T14:26:53","slug":"espectaculos-shows","status":"publish","type":"page","link":"http:\/\/boloandclaus.com\/web\/?page_id=141","title":{"rendered":"Espect\u00e1culos"},"content":{"rendered":"<p><\/p>\n<h1 style=\"text-align: center;\">BOLO Y CLAUS<\/h1>\n<h1 style=\"text-align: center;\">EN BUSCA DEL GRAN DRAG\u00d3N VERDE<\/h1>\n<p style=\"text-align: center;\"><strong>Teatro infantil y familiar. Recomendado para ni\u00f1os de 3 a 9 a\u00f1os de edad.<\/strong><\/p>\n<p style=\"text-align: center;\"><strong>Puede ser representado en salas de teatro y en espacios exteriores.<\/strong><\/p>\n<p style=\"text-align: center;\"><b>Duraci\u00f3n del espect\u00e1culo: 50 Mnts<\/b><\/p>\n<p style=\"text-align: center;\"><strong>Idiomas: castellano\u00a0 e\u00a0 ingl\u00e9s<\/strong><strong>.<\/strong><\/p>\n<p><img loading=\"lazy\" decoding=\"async\" class=\"aligncenter wp-image-2445\" src=\"http:\/\/boloandclaus.com\/web\/wp-content\/uploads\/2012\/05\/Bolo-y-Claus-2-copia-copia-1024x631.jpg\" alt=\"Bolo y Claus. Payasos\" width=\"700\" height=\"389\" \/><\/p>\n<p style=\"padding-left: 160px;\"><a href=\"http:\/\/boloandclaus.com\/web\/?page_id=2844\"><img loading=\"lazy\" decoding=\"async\" class=\"wp-image-2964 alignleft\" src=\"http:\/\/boloandclaus.com\/web\/wp-content\/uploads\/2021\/02\/textura-blanca-del-fondo-4279591-300x95.jpg\" alt=\"\" width=\"159\" height=\"50\" \/><\/a><a href=\"http:\/\/boloandclaus.com\/web\/?page_id=463\"><img loading=\"lazy\" decoding=\"async\" class=\"wp-image-2969 alignleft\" src=\"http:\/\/boloandclaus.com\/web\/wp-content\/uploads\/2021\/02\/textura-blanca-del-fondo-4279591-2-300x95.jpg\" alt=\"\" width=\"159\" height=\"50\" srcset=\"http:\/\/boloandclaus.com\/web\/wp-content\/uploads\/2021\/02\/textura-blanca-del-fondo-4279591-2-300x95.jpg 300w, http:\/\/boloandclaus.com\/web\/wp-content\/uploads\/2021\/02\/textura-blanca-del-fondo-4279591-2-768x242.jpg 768w, http:\/\/boloandclaus.com\/web\/wp-content\/uploads\/2021\/02\/textura-blanca-del-fondo-4279591-2.jpg 800w\" sizes=\"auto, (max-width: 159px) 100vw, 159px\" \/><\/a><a href=\"http:\/\/boloandclaus.com\/web\/?page_id=3066\"><img loading=\"lazy\" decoding=\"async\" class=\"wp-image-2968 alignleft\" src=\"http:\/\/boloandclaus.com\/web\/wp-content\/uploads\/2021\/02\/textura-blanca-del-fondo-4279591-1-300x95.jpg\" alt=\"\" width=\"159\" height=\"50\" srcset=\"http:\/\/boloandclaus.com\/web\/wp-content\/uploads\/2021\/02\/textura-blanca-del-fondo-4279591-1-300x95.jpg 300w, http:\/\/boloandclaus.com\/web\/wp-content\/uploads\/2021\/02\/textura-blanca-del-fondo-4279591-1-768x242.jpg 768w, http:\/\/boloandclaus.com\/web\/wp-content\/uploads\/2021\/02\/textura-blanca-del-fondo-4279591-1.jpg 800w\" sizes=\"auto, (max-width: 159px) 100vw, 159px\" \/><\/a><\/p>\n<p>&nbsp;<\/p>\n<p>&nbsp;<\/p>\n<p>&nbsp;<\/p>\n<p style=\"text-align: center;\">*<\/p>\n<p>&nbsp;<\/p>\n<h1 style=\"text-align: center;\">\u00a1BU!<\/h1>\n<p style=\"text-align: center;\"><strong>Teatro infantil y familiar. Recomendado para ni\u00f1os de 3 a 300 a\u00f1os de edad<\/strong><strong>.<\/strong><\/p>\n<p style=\"text-align: center;\"><b>Duraci\u00f3n del espect\u00e1culo: 50 Mnts<\/b><\/p>\n<p style=\"text-align: center;\"><strong>Teatro gestual y <\/strong><b>f\u00edsico.<\/b><\/p>\n<p><img loading=\"lazy\" decoding=\"async\" class=\"aligncenter wp-image-2745\" src=\"http:\/\/boloandclaus.com\/web\/wp-content\/uploads\/2012\/04\/CARTEL-BU-1024x581.jpg\" alt=\"\" width=\"700\" height=\"389\" \/><\/p>\n<p style=\"padding-left: 160px;\"><img loading=\"lazy\" decoding=\"async\" class=\"wp-image-2964 alignleft\" src=\"http:\/\/boloandclaus.com\/web\/wp-content\/uploads\/2021\/02\/textura-blanca-del-fondo-4279591-300x95.jpg\" alt=\"\" width=\"159\" height=\"50\" \/><img loading=\"lazy\" decoding=\"async\" class=\"wp-image-2969 alignleft\" src=\"http:\/\/boloandclaus.com\/web\/wp-content\/uploads\/2021\/02\/textura-blanca-del-fondo-4279591-2-300x95.jpg\" alt=\"\" width=\"159\" height=\"50\" srcset=\"http:\/\/boloandclaus.com\/web\/wp-content\/uploads\/2021\/02\/textura-blanca-del-fondo-4279591-2-300x95.jpg 300w, http:\/\/boloandclaus.com\/web\/wp-content\/uploads\/2021\/02\/textura-blanca-del-fondo-4279591-2-768x242.jpg 768w, http:\/\/boloandclaus.com\/web\/wp-content\/uploads\/2021\/02\/textura-blanca-del-fondo-4279591-2.jpg 800w\" sizes=\"auto, (max-width: 159px) 100vw, 159px\" \/><img loading=\"lazy\" decoding=\"async\" class=\"wp-image-2968 alignleft\" src=\"http:\/\/boloandclaus.com\/web\/wp-content\/uploads\/2021\/02\/textura-blanca-del-fondo-4279591-1-300x95.jpg\" alt=\"\" width=\"159\" height=\"50\" srcset=\"http:\/\/boloandclaus.com\/web\/wp-content\/uploads\/2021\/02\/textura-blanca-del-fondo-4279591-1-300x95.jpg 300w, http:\/\/boloandclaus.com\/web\/wp-content\/uploads\/2021\/02\/textura-blanca-del-fondo-4279591-1-768x242.jpg 768w, http:\/\/boloandclaus.com\/web\/wp-content\/uploads\/2021\/02\/textura-blanca-del-fondo-4279591-1.jpg 800w\" sizes=\"auto, (max-width: 159px) 100vw, 159px\" \/><\/p>\n<p>&nbsp;<\/p>\n<p>&nbsp;<\/p>\n<p>&nbsp;<\/p>\n<p style=\"text-align: center;\">*<\/p>\n<p>&nbsp;<\/p>\n<h1 style=\"text-align: center;\">LA FERIA<\/h1>\n<p style=\"text-align: center;\"><strong>Teatro infantil y familiar. Recomendado para ni\u00f1os de 3 a 300 a\u00f1os de edad<\/strong><strong>.<\/strong><\/p>\n<p style=\"text-align: center;\"><strong>Puede ser representado en salas de teatro y en espacios exteriores.<\/strong><\/p>\n<p style=\"text-align: center;\"><b>Duraci\u00f3n del espect\u00e1culo: 50 Mnts<\/b><\/p>\n<p style=\"text-align: center;\"><strong>Teatro gestual y <\/strong><b>f\u00edsico.<\/b><\/p>\n<p style=\"text-align: center;\"><img loading=\"lazy\" decoding=\"async\" class=\"aligncenter wp-image-3397\" src=\"http:\/\/boloandclaus.com\/web\/wp-content\/uploads\/2022\/07\/BOLOCLAUS-6-copia-1024x749.jpg\" alt=\"\" width=\"600\" height=\"439\" srcset=\"http:\/\/boloandclaus.com\/web\/wp-content\/uploads\/2022\/07\/BOLOCLAUS-6-copia-1024x749.jpg 1024w, http:\/\/boloandclaus.com\/web\/wp-content\/uploads\/2022\/07\/BOLOCLAUS-6-copia-300x220.jpg 300w, http:\/\/boloandclaus.com\/web\/wp-content\/uploads\/2022\/07\/BOLOCLAUS-6-copia-768x562.jpg 768w, http:\/\/boloandclaus.com\/web\/wp-content\/uploads\/2022\/07\/BOLOCLAUS-6-copia-1536x1124.jpg 1536w, http:\/\/boloandclaus.com\/web\/wp-content\/uploads\/2022\/07\/BOLOCLAUS-6-copia-2048x1499.jpg 2048w\" sizes=\"auto, (max-width: 600px) 100vw, 600px\" \/><\/p>\n<p style=\"padding-left: 160px;\"><a href=\"http:\/\/boloandclaus.com\/web\/?page_id=3438\"><img loading=\"lazy\" decoding=\"async\" class=\"wp-image-2964 alignleft\" src=\"http:\/\/boloandclaus.com\/web\/wp-content\/uploads\/2021\/02\/textura-blanca-del-fondo-4279591-300x95.jpg\" alt=\"\" width=\"159\" height=\"50\" \/><\/a><a href=\"http:\/\/boloandclaus.com\/web\/?page_id=3142\"><img loading=\"lazy\" decoding=\"async\" class=\"wp-image-2969 alignleft\" src=\"http:\/\/boloandclaus.com\/web\/wp-content\/uploads\/2021\/02\/textura-blanca-del-fondo-4279591-2-300x95.jpg\" alt=\"\" width=\"159\" height=\"50\" srcset=\"http:\/\/boloandclaus.com\/web\/wp-content\/uploads\/2021\/02\/textura-blanca-del-fondo-4279591-2-300x95.jpg 300w, http:\/\/boloandclaus.com\/web\/wp-content\/uploads\/2021\/02\/textura-blanca-del-fondo-4279591-2-768x242.jpg 768w, http:\/\/boloandclaus.com\/web\/wp-content\/uploads\/2021\/02\/textura-blanca-del-fondo-4279591-2.jpg 800w\" sizes=\"auto, (max-width: 159px) 100vw, 159px\" \/><\/a><a href=\"http:\/\/boloandclaus.com\/web\/?page_id=2859\"><img loading=\"lazy\" decoding=\"async\" class=\"wp-image-2968 alignleft\" src=\"http:\/\/boloandclaus.com\/web\/wp-content\/uploads\/2021\/02\/textura-blanca-del-fondo-4279591-1-300x95.jpg\" alt=\"\" width=\"159\" height=\"50\" srcset=\"http:\/\/boloandclaus.com\/web\/wp-content\/uploads\/2021\/02\/textura-blanca-del-fondo-4279591-1-300x95.jpg 300w, http:\/\/boloandclaus.com\/web\/wp-content\/uploads\/2021\/02\/textura-blanca-del-fondo-4279591-1-768x242.jpg 768w, http:\/\/boloandclaus.com\/web\/wp-content\/uploads\/2021\/02\/textura-blanca-del-fondo-4279591-1.jpg 800w\" sizes=\"auto, (max-width: 159px) 100vw, 159px\" \/><\/a><\/p>\n<p>&nbsp;<\/p>\n<p>&nbsp;<\/p>\n<h1 style=\"text-align: center;\"><\/h1>\n<h1><\/h1>\n<h1><\/h1>\n<p>&nbsp;<\/p>\n<h1 style=\"text-align: center;\">*<\/h1>\n<p>&nbsp;<\/p>\n<h1 style=\"text-align: center;\">PASACALLES DE HALLOWEEN<\/h1>\n<p style=\"text-align: center;\">Este es un espect\u00e1culo interactivo<\/p>\n<p style=\"text-align: center;\">en el que todos los habitantes del pueblo pueden participar<\/p>\n<p style=\"text-align: center;\">sin sufrir sobresaltos que impliquen situaciones inc\u00f3modas, especialmente los m\u00e1s peque\u00f1os.<\/p>\n<p style=\"text-align: center;\"><strong>Duraci\u00f3n del pasacalles: 60 Mnts<\/strong><\/p>\n<p style=\"text-align: center;\"><img loading=\"lazy\" decoding=\"async\" class=\"aligncenter wp-image-2774\" src=\"http:\/\/boloandclaus.com\/web\/wp-content\/uploads\/2021\/02\/G7A1640-copia-1024x683.jpg\" alt=\"\" width=\"583\" height=\"389\" srcset=\"http:\/\/boloandclaus.com\/web\/wp-content\/uploads\/2021\/02\/G7A1640-copia-1024x683.jpg 1024w, http:\/\/boloandclaus.com\/web\/wp-content\/uploads\/2021\/02\/G7A1640-copia-300x200.jpg 300w, http:\/\/boloandclaus.com\/web\/wp-content\/uploads\/2021\/02\/G7A1640-copia-768x512.jpg 768w, http:\/\/boloandclaus.com\/web\/wp-content\/uploads\/2021\/02\/G7A1640-copia-1536x1024.jpg 1536w, http:\/\/boloandclaus.com\/web\/wp-content\/uploads\/2021\/02\/G7A1640-copia-2048x1365.jpg 2048w\" sizes=\"auto, (max-width: 583px) 100vw, 583px\" \/><\/p>\n<p style=\"padding-left: 160px;\"><a href=\"http:\/\/boloandclaus.com\/web\/?page_id=3477\"><img loading=\"lazy\" decoding=\"async\" class=\"wp-image-2964 alignleft\" src=\"http:\/\/boloandclaus.com\/web\/wp-content\/uploads\/2021\/02\/textura-blanca-del-fondo-4279591-300x95.jpg\" alt=\"\" width=\"159\" height=\"50\" \/><\/a><a href=\"http:\/\/boloandclaus.com\/web\/?page_id=2593\"><img loading=\"lazy\" decoding=\"async\" class=\"wp-image-2969 alignleft\" src=\"http:\/\/boloandclaus.com\/web\/wp-content\/uploads\/2021\/02\/textura-blanca-del-fondo-4279591-2-300x95.jpg\" alt=\"\" width=\"159\" height=\"50\" srcset=\"http:\/\/boloandclaus.com\/web\/wp-content\/uploads\/2021\/02\/textura-blanca-del-fondo-4279591-2-300x95.jpg 300w, http:\/\/boloandclaus.com\/web\/wp-content\/uploads\/2021\/02\/textura-blanca-del-fondo-4279591-2-768x242.jpg 768w, http:\/\/boloandclaus.com\/web\/wp-content\/uploads\/2021\/02\/textura-blanca-del-fondo-4279591-2.jpg 800w\" sizes=\"auto, (max-width: 159px) 100vw, 159px\" \/><\/a><img loading=\"lazy\" decoding=\"async\" class=\"wp-image-2968 alignleft\" src=\"http:\/\/boloandclaus.com\/web\/wp-content\/uploads\/2021\/02\/textura-blanca-del-fondo-4279591-1-300x95.jpg\" alt=\"\" width=\"159\" height=\"50\" srcset=\"http:\/\/boloandclaus.com\/web\/wp-content\/uploads\/2021\/02\/textura-blanca-del-fondo-4279591-1-300x95.jpg 300w, http:\/\/boloandclaus.com\/web\/wp-content\/uploads\/2021\/02\/textura-blanca-del-fondo-4279591-1-768x242.jpg 768w, http:\/\/boloandclaus.com\/web\/wp-content\/uploads\/2021\/02\/textura-blanca-del-fondo-4279591-1.jpg 800w\" sizes=\"auto, (max-width: 159px) 100vw, 159px\" \/><\/p>\n<p>&nbsp;<\/p>\n<p>&nbsp;<\/p>\n<p>&nbsp;<\/p>\n<h1 style=\"text-align: center;\">*<\/h1>\n<p><\/p>","protected":false},"excerpt":{"rendered":"<p>BOLO Y CLAUS EN BUSCA DEL GRAN DRAG\u00d3N VERDE Teatro infantil y familiar. Recomendado para ni\u00f1os de 3 a 9 a\u00f1os de edad. Puede ser representado en salas de teatro y en espacios exteriores. Duraci\u00f3n del espect\u00e1culo: 50 Mnts Idiomas: castellano\u00a0 e\u00a0 ingl\u00e9s. &nbsp; &nbsp; &nbsp; * &nbsp; \u00a1BU! Teatro infantil y familiar. Recomendado para [&hellip;]<\/p>\n","protected":false},"author":2,"featured_media":0,"parent":0,"menu_order":0,"comment_status":"closed","ping_status":"closed","template":"","meta":{"footnotes":""},"class_list":["post-141","page","type-page","status-publish","hentry"],"_links":{"self":[{"href":"http:\/\/boloandclaus.com\/web\/index.php?rest_route=\/wp\/v2\/pages\/141","targetHints":{"allow":["GET"]}}],"collection":[{"href":"http:\/\/boloandclaus.com\/web\/index.php?rest_route=\/wp\/v2\/pages"}],"about":[{"href":"http:\/\/boloandclaus.com\/web\/index.php?rest_route=\/wp\/v2\/types\/page"}],"author":[{"embeddable":true,"href":"http:\/\/boloandclaus.com\/web\/index.php?rest_route=\/wp\/v2\/users\/2"}],"replies":[{"embeddable":true,"href":"http:\/\/boloandclaus.com\/web\/index.php?rest_route=%2Fwp%2Fv2%2Fcomments&post=141"}],"version-history":[{"count":263,"href":"http:\/\/boloandclaus.com\/web\/index.php?rest_route=\/wp\/v2\/pages\/141\/revisions"}],"predecessor-version":[{"id":3508,"href":"http:\/\/boloandclaus.com\/web\/index.php?rest_route=\/wp\/v2\/pages\/141\/revisions\/3508"}],"wp:attachment":[{"href":"http:\/\/boloandclaus.com\/web\/index.php?rest_route=%2Fwp%2Fv2%2Fmedia&parent=141"}],"curies":[{"name":"wp","href":"https:\/\/api.w.org\/{rel}","templated":true}]}}