{"id":120,"date":"2012-05-10T18:49:34","date_gmt":"2012-05-10T18:49:34","guid":{"rendered":"http:\/\/boloandclaus.wordpress.com\/?page_id=120"},"modified":"2022-11-09T14:40:12","modified_gmt":"2022-11-09T14:40:12","slug":"quienes-somos-about-us","status":"publish","type":"page","link":"http:\/\/boloandclaus.com\/web\/?page_id=120","title":{"rendered":"Quienes Somos"},"content":{"rendered":"<p><\/p>\n<h1 style=\"text-align: center;\"><img loading=\"lazy\" decoding=\"async\" class=\"aligncenter wp-image-2517\" src=\"http:\/\/boloandclaus.com\/web\/wp-content\/uploads\/2012\/05\/CARTEL-00000-1024x597.jpg\" alt=\"Bolo y Claus. Payasos\" width=\"600\" height=\"350\" srcset=\"http:\/\/boloandclaus.com\/web\/wp-content\/uploads\/2012\/05\/CARTEL-00000-1024x597.jpg 1024w, http:\/\/boloandclaus.com\/web\/wp-content\/uploads\/2012\/05\/CARTEL-00000-300x175.jpg 300w\" sizes=\"auto, (max-width: 600px) 100vw, 600px\" \/><\/h1>\n<h1 style=\"text-align: center;\"><span style=\"text-align: justify;\">Bolo y Claus\u00a0<\/span><\/h1>\n<p style=\"text-align: justify;\">El 3 de Julio de 2010 Pedro Serka y Christian Hartwig creamos la C\u00eda. Bolo and Claus Clowns! en la ciudad de Nueva York. La decisi\u00f3n de crear una compa\u00f1\u00eda de clowns y de teatro infantil ha sido producto de una intensa b\u00fasqueda por descubrir nuestra identidad como actores. Finalmente el Clown nos ha acercado a una ra\u00edz profunda del arte, nos ha abierto un espacio donde poder crear, expresarnos libremente y compartir nuestra manera de entender el mundo, especialmente con los m\u00e1s peque\u00f1os.<\/p>\n<h2 style=\"text-align: center;\"><img loading=\"lazy\" decoding=\"async\" class=\"aligncenter wp-image-3444\" src=\"http:\/\/boloandclaus.com\/web\/wp-content\/uploads\/2022\/11\/LA-FERIA-0.5-1024x683.jpg\" alt=\"\" width=\"600\" height=\"400\" srcset=\"http:\/\/boloandclaus.com\/web\/wp-content\/uploads\/2022\/11\/LA-FERIA-0.5-1024x683.jpg 1024w, http:\/\/boloandclaus.com\/web\/wp-content\/uploads\/2022\/11\/LA-FERIA-0.5-300x200.jpg 300w, http:\/\/boloandclaus.com\/web\/wp-content\/uploads\/2022\/11\/LA-FERIA-0.5-768x512.jpg 768w, http:\/\/boloandclaus.com\/web\/wp-content\/uploads\/2022\/11\/LA-FERIA-0.5-1536x1025.jpg 1536w, http:\/\/boloandclaus.com\/web\/wp-content\/uploads\/2022\/11\/LA-FERIA-0.5-2048x1366.jpg 2048w\" sizes=\"auto, (max-width: 600px) 100vw, 600px\" \/><\/h2>\n<h2 style=\"text-align: center;\">Pedro Serka \/ Bolo<\/h2>\n<p style=\"text-align: justify;\">Actor, payaso y director teatral nacido en Puerto Porvenir, Tierra del Fuego al sur de Chile.\u00a0Realiza su formaci\u00f3n profesional en Santiago donde estudia Direcci\u00f3n y Producci\u00f3n de Sistemas Audiovisuales e inicia sus estudios de interpretaci\u00f3n con Luis Wigdorsky y Fresia Astica. Trabaja como actor para diferentes compa\u00f1\u00edas locales y forma parte de la C\u00eda. Teatro del Viento dedicada a llevar el teatro a las comunidades m\u00e1s desfavorecidas de la ciudad de Santiago.\u00a0Posteriormente viaja a Europa, radica en la ciudad de Barcelona y all\u00ed contin\u00faa sus estudios de interpretaci\u00f3n en el Instituto del Teatro de Terrassa y con los maestros Txiki Berraondo y Manuel Carlos Lillo.\u00a0Estudia t\u00e9cnicas de danza contempor\u00e1nea en la escuela Varium Danza dirigida por Anna S\u00e1nchez y aprende las t\u00e9cnicas de clown trabajando con maestros como Josep Maria casanovas, Cesc Serrat, Olga Colomer y Montserrat Casanovas.<\/p>\n<p style=\"text-align: center;\"><a title=\"Pedro Serka\" href=\"http:\/\/boloandclaus.com\/web\/?page_id=410\"> LEER MAS\u2026<\/a><\/p>\n<h2 style=\"text-align: center;\"><img loading=\"lazy\" decoding=\"async\" class=\"aligncenter wp-image-3456\" src=\"http:\/\/boloandclaus.com\/web\/wp-content\/uploads\/2022\/11\/LA-FERIA-0.13-1024x657.jpg\" alt=\"\" width=\"600\" height=\"385\" srcset=\"http:\/\/boloandclaus.com\/web\/wp-content\/uploads\/2022\/11\/LA-FERIA-0.13-1024x657.jpg 1024w, http:\/\/boloandclaus.com\/web\/wp-content\/uploads\/2022\/11\/LA-FERIA-0.13-300x193.jpg 300w, http:\/\/boloandclaus.com\/web\/wp-content\/uploads\/2022\/11\/LA-FERIA-0.13-768x493.jpg 768w, http:\/\/boloandclaus.com\/web\/wp-content\/uploads\/2022\/11\/LA-FERIA-0.13-1536x986.jpg 1536w, http:\/\/boloandclaus.com\/web\/wp-content\/uploads\/2022\/11\/LA-FERIA-0.13-2048x1315.jpg 2048w\" sizes=\"auto, (max-width: 600px) 100vw, 600px\" \/><\/h2>\n<h2 style=\"text-align: center;\">Christian Hartwig \/ Claus<\/h2>\n<p style=\"text-align: justify;\">Actor y clown, nacido en Madrid, Espa\u00f1a. Estudio Ciencias Pol\u00edticas y de la Administraci\u00f3n en la Universidad Complutense de Madrid y en la Universidad de Humboldt en Berlin. Inicia sus estudios de interpretaci\u00f3n en Madrid con Marina Wainer y Juan Carlos Montagna. En 2005 viaja a la ciudad de Nueva York y completa su formaci\u00f3n actoral en la escuela de HB Studio con maestros como Austin Pendleton, Carol Rosenfeld, Aleksey Burago o Rochelle Oliver. Estudia t\u00e9cnicas de doblaje con el maestro Manuel Herrera y trabaja para la compa\u00f1\u00eda NY Audioworks doblando diferentes cl\u00e1sicos de dibujos animados para el mercado espa\u00f1ol.<\/p>\n<p style=\"text-align: center;\"><a title=\"Christian Hartwig\" href=\"http:\/\/boloandclaus.com\/web\/?page_id=420\">LEER MAS&#8230;<\/a><\/p>\n<p><\/p>","protected":false},"excerpt":{"rendered":"<p>Bolo y Claus\u00a0 El 3 de Julio de 2010 Pedro Serka y Christian Hartwig creamos la C\u00eda. Bolo and Claus Clowns! en la ciudad de Nueva York. La decisi\u00f3n de crear una compa\u00f1\u00eda de clowns y de teatro infantil ha sido producto de una intensa b\u00fasqueda por descubrir nuestra identidad como actores. Finalmente el Clown [&hellip;]<\/p>\n","protected":false},"author":2,"featured_media":0,"parent":0,"menu_order":0,"comment_status":"closed","ping_status":"closed","template":"","meta":{"footnotes":""},"class_list":["post-120","page","type-page","status-publish","hentry"],"_links":{"self":[{"href":"http:\/\/boloandclaus.com\/web\/index.php?rest_route=\/wp\/v2\/pages\/120","targetHints":{"allow":["GET"]}}],"collection":[{"href":"http:\/\/boloandclaus.com\/web\/index.php?rest_route=\/wp\/v2\/pages"}],"about":[{"href":"http:\/\/boloandclaus.com\/web\/index.php?rest_route=\/wp\/v2\/types\/page"}],"author":[{"embeddable":true,"href":"http:\/\/boloandclaus.com\/web\/index.php?rest_route=\/wp\/v2\/users\/2"}],"replies":[{"embeddable":true,"href":"http:\/\/boloandclaus.com\/web\/index.php?rest_route=%2Fwp%2Fv2%2Fcomments&post=120"}],"version-history":[{"count":129,"href":"http:\/\/boloandclaus.com\/web\/index.php?rest_route=\/wp\/v2\/pages\/120\/revisions"}],"predecessor-version":[{"id":3494,"href":"http:\/\/boloandclaus.com\/web\/index.php?rest_route=\/wp\/v2\/pages\/120\/revisions\/3494"}],"wp:attachment":[{"href":"http:\/\/boloandclaus.com\/web\/index.php?rest_route=%2Fwp%2Fv2%2Fmedia&parent=120"}],"curies":[{"name":"wp","href":"https:\/\/api.w.org\/{rel}","templated":true}]}}

<p></p>
<h1 style="text-align: center;"><img loading="lazy" decoding="async" class="aligncenter wp-image-2517" src="http://boloandclaus.com/web/wp-content/uploads/2012/05/CARTEL-00000-1024x597.jpg" alt="Bolo y Claus. Payasos" width="600" height="350" srcset="http://boloandclaus.com/web/wp-content/uploads/2012/05/CARTEL-00000-1024x597.jpg 1024w, http://boloandclaus.com/web/wp-content/uploads/2012/05/CARTEL-00000-300x175.jpg 300w" sizes="auto, (max-width: 600px) 100vw, 600px" /></h1>
<h1 style="text-align: center;"><span style="text-align: justify;">Bolo y Claus </span></h1>
<p style="text-align: justify;">El 3 de Julio de 2010 Pedro Serka y Christian Hartwig creamos la Cía. Bolo and Claus Clowns! en la ciudad de Nueva York. La decisión de crear una compañía de clowns y de teatro infantil ha sido producto de una intensa búsqueda por descubrir nuestra identidad como actores. Finalmente el Clown nos ha acercado a una raíz profunda del arte, nos ha abierto un espacio donde poder crear, expresarnos libremente y compartir nuestra manera de entender el mundo, especialmente con los más pequeños.</p>
<h2 style="text-align: center;"><img loading="lazy" decoding="async" class="aligncenter wp-image-3444" src="http://boloandclaus.com/web/wp-content/uploads/2022/11/LA-FERIA-0.5-1024x683.jpg" alt="" width="600" height="400" srcset="http://boloandclaus.com/web/wp-content/uploads/2022/11/LA-FERIA-0.5-1024x683.jpg 1024w, http://boloandclaus.com/web/wp-content/uploads/2022/11/LA-FERIA-0.5-300x200.jpg 300w, http://boloandclaus.com/web/wp-content/uploads/2022/11/LA-FERIA-0.5-768x512.jpg 768w, http://boloandclaus.com/web/wp-content/uploads/2022/11/LA-FERIA-0.5-1536x1025.jpg 1536w, http://boloandclaus.com/web/wp-content/uploads/2022/11/LA-FERIA-0.5-2048x1366.jpg 2048w" sizes="auto, (max-width: 600px) 100vw, 600px" /></h2>
<h2 style="text-align: center;">Pedro Serka / Bolo</h2>
<p style="text-align: justify;">Actor, payaso y director teatral nacido en Puerto Porvenir, Tierra del Fuego al sur de Chile. Realiza su formación profesional en Santiago donde estudia Dirección y Producción de Sistemas Audiovisuales e inicia sus estudios de interpretación con Luis Wigdorsky y Fresia Astica. Trabaja como actor para diferentes compañías locales y forma parte de la Cía. Teatro del Viento dedicada a llevar el teatro a las comunidades más desfavorecidas de la ciudad de Santiago. Posteriormente viaja a Europa, radica en la ciudad de Barcelona y allí continúa sus estudios de interpretación en el Instituto del Teatro de Terrassa y con los maestros Txiki Berraondo y Manuel Carlos Lillo. Estudia técnicas de danza contemporánea en la escuela Varium Danza dirigida por Anna Sánchez y aprende las técnicas de clown trabajando con maestros como Josep Maria casanovas, Cesc Serrat, Olga Colomer y Montserrat Casanovas.</p>
<p style="text-align: center;"><a title="Pedro Serka" href="http://boloandclaus.com/web/?page_id=410"> LEER MAS…</a></p>
<h2 style="text-align: center;"><img loading="lazy" decoding="async" class="aligncenter wp-image-3456" src="http://boloandclaus.com/web/wp-content/uploads/2022/11/LA-FERIA-0.13-1024x657.jpg" alt="" width="600" height="385" srcset="http://boloandclaus.com/web/wp-content/uploads/2022/11/LA-FERIA-0.13-1024x657.jpg 1024w, http://boloandclaus.com/web/wp-content/uploads/2022/11/LA-FERIA-0.13-300x193.jpg 300w, http://boloandclaus.com/web/wp-content/uploads/2022/11/LA-FERIA-0.13-768x493.jpg 768w, http://boloandclaus.com/web/wp-content/uploads/2022/11/LA-FERIA-0.13-1536x986.jpg 1536w, http://boloandclaus.com/web/wp-content/uploads/2022/11/LA-FERIA-0.13-2048x1315.jpg 2048w" sizes="auto, (max-width: 600px) 100vw, 600px" /></h2>
<h2 style="text-align: center;">Christian Hartwig / Claus</h2>
<p style="text-align: justify;">Actor y clown, nacido en Madrid, España. Estudio Ciencias Políticas y de la Administración en la Universidad Complutense de Madrid y en la Universidad de Humboldt en Berlin. Inicia sus estudios de interpretación en Madrid con Marina Wainer y Juan Carlos Montagna. En 2005 viaja a la ciudad de Nueva York y completa su formación actoral en la escuela de HB Studio con maestros como Austin Pendleton, Carol Rosenfeld, Aleksey Burago o Rochelle Oliver. Estudia técnicas de doblaje con el maestro Manuel Herrera y trabaja para la compañía NY Audioworks doblando diferentes clásicos de dibujos animados para el mercado español.</p>
<p style="text-align: center;"><a title="Christian Hartwig" href="http://boloandclaus.com/web/?page_id=420">LEER MAS&#8230;</a></p>
<p></p>

<p>Bolo y Claus  El 3 de Julio de 2010 Pedro Serka y Christian Hartwig creamos la Cía. Bolo and Claus Clowns! en la ciudad de Nueva York. La decisión de crear una compañía de clowns y de teatro infantil ha sido producto de una intensa búsqueda por descubrir nuestra identidad como actores. Finalmente el Clown [&hellip;]</p>
